{"id":18036,"date":"2023-03-26T23:22:30","date_gmt":"2023-03-27T02:22:30","guid":{"rendered":"https:\/\/v2.huellandina.com\/staff\/miguel-a-villarroel-arriagada\/"},"modified":"2024-06-15T02:54:29","modified_gmt":"2024-06-15T06:54:29","slug":"miguel-a-villarroel-arriagada","status":"publish","type":"staff","link":"https:\/\/huellandina.com\/de\/staff\/miguel-a-villarroel-arriagada\/","title":{"rendered":"Miguel A. Villarroel Arriagada"},"content":{"rendered":"\n<p>Geboren und aufgewachsen in Puerto Varas, hat er eine Leidenschaft f\u00fcr Berge, Klettern und Skifahren, die ihn nicht nur zum Reisen und Klettern an verschiedenen Orten und in verschiedenen L\u00e4ndern - wie den franz\u00f6sischen Alpen, den spanischen Pyren\u00e4en, den Anden in Chile und Argentinien und einem k\u00fcrzlichen Familienurlaub in Kanada - gef\u00fchrt hat, sondern auch dazu, Gr\u00fcndungsmitglied des ersten Bergsteigervereins in Puero Varas zu werden und ehrenamtlich viel Erfahrung im \"Cuerpo de Socorro Andino\" (CSA) von Puerto Varas zu sammeln.<\/p>\n\n<p>Migue <a href=\"https:\/\/angm.cl\/guias\/villarroel-arriagada-miguel-angel\/\" target=\"_blank\" rel=\"noreferrer noopener\">ist zertifizierter ANGM-Bergf\u00fchrer<\/a>, Sportkletterlehrer und <a href=\"https:\/\/registro.sernatur.cl\/registroempresarios\/fichaservicio?sid=54890&amp;sign=68ab77f46892475f211429b90c4fb8db\" target=\"_blank\" rel=\"noreferrer noopener\">registrierter Sernatur-F\u00fchrer<\/a> und hat au\u00dferdem mehrere Kurse in Schnee- und Lawinenkunde, Rettung und Erster Hilfe absolviert. Er unterst\u00fctzt uns nicht nur als Guide in der Huella Andina, sondern ist derzeit auch verantwortlich f\u00fcr das Familienunternehmen <a href=\"https:\/\/www.tripadvisor.com\/Restaurant_Review-g294299-d3746765-Reviews-Don_Jorge-Puerto_Varas_Los_Lagos_Region.html\" target=\"_blank\" rel=\"noreferrer noopener\">El Restaurant Don Jorge<\/a> und betreibt sein Unternehmen \"<a href=\"https:\/\/guiaspioneros.com\/\" target=\"_blank\" rel=\"noreferrer noopener\">Pioneros Compa\u00f1ia de Gu\u00edas<\/a>\" in Puerto Varas.<\/p>\n","protected":false},"excerpt":{"rendered":"<p>Geboren und aufgewachsen in Puerto Varas, hat er eine Leidenschaft f\u00fcr Berge, Klettern und Skifahren, die ihn nicht nur zum Reisen und Klettern an verschiedenen Orten und in verschiedenen L\u00e4ndern - wie den franz\u00f6sischen Alpen, den spanischen Pyren\u00e4en, den Anden in Chile und Argentinien und einem k\u00fcrzlichen Familienurlaub in Kanada - gef\u00fchrt hat, sondern auch [&hellip;]<\/p>\n","protected":false},"featured_media":16822,"template":"","posicion":[175],"class_list":["post-18036","staff","type-staff","status-publish","has-post-thumbnail","hentry","posicion-zweite-reihe"],"acf":[],"_links":{"self":[{"href":"https:\/\/huellandina.com\/de\/wp-json\/wp\/v2\/staff\/18036","targetHints":{"allow":["GET"]}}],"collection":[{"href":"https:\/\/huellandina.com\/de\/wp-json\/wp\/v2\/staff"}],"about":[{"href":"https:\/\/huellandina.com\/de\/wp-json\/wp\/v2\/types\/staff"}],"wp:featuredmedia":[{"embeddable":true,"href":"https:\/\/huellandina.com\/de\/wp-json\/wp\/v2\/media\/16822"}],"wp:attachment":[{"href":"https:\/\/huellandina.com\/de\/wp-json\/wp\/v2\/media?parent=18036"}],"wp:term":[{"taxonomy":"posicion","embeddable":true,"href":"https:\/\/huellandina.com\/de\/wp-json\/wp\/v2\/posicion?post=18036"}],"curies":[{"name":"wp","href":"https:\/\/api.w.org\/{rel}","templated":true}]}}

<p>Geboren und aufgewachsen in Puerto Varas, hat er eine Leidenschaft für Berge, Klettern und Skifahren, die ihn nicht nur zum Reisen und Klettern an verschiedenen Orten und in verschiedenen Ländern - wie den französischen Alpen, den spanischen Pyrenäen, den Anden in Chile und Argentinien und einem kürzlichen Familienurlaub in Kanada - geführt hat, sondern auch dazu, Gründungsmitglied des ersten Bergsteigervereins in Puero Varas zu werden und ehrenamtlich viel Erfahrung im "Cuerpo de Socorro Andino" (CSA) von Puerto Varas zu sammeln.</p>

<p>Migue <a href="https://angm.cl/guias/villarroel-arriagada-miguel-angel/" target="_blank" rel="noreferrer noopener">ist zertifizierter ANGM-Bergführer</a>, Sportkletterlehrer und <a href="https://registro.sernatur.cl/registroempresarios/fichaservicio?sid=54890&amp;sign=68ab77f46892475f211429b90c4fb8db" target="_blank" rel="noreferrer noopener">registrierter Sernatur-Führer</a> und hat außerdem mehrere Kurse in Schnee- und Lawinenkunde, Rettung und Erster Hilfe absolviert. Er unterstützt uns nicht nur als Guide in der Huella Andina, sondern ist derzeit auch verantwortlich für das Familienunternehmen <a href="https://www.tripadvisor.com/Restaurant_Review-g294299-d3746765-Reviews-Don_Jorge-Puerto_Varas_Los_Lagos_Region.html" target="_blank" rel="noreferrer noopener">El Restaurant Don Jorge</a> und betreibt sein Unternehmen "<a href="https://guiaspioneros.com/" target="_blank" rel="noreferrer noopener">Pioneros Compañia de Guías</a>" in Puerto Varas.</p>

<p>Geboren und aufgewachsen in Puerto Varas, hat er eine Leidenschaft für Berge, Klettern und Skifahren, die ihn nicht nur zum Reisen und Klettern an verschiedenen Orten und in verschiedenen Ländern - wie den französischen Alpen, den spanischen Pyrenäen, den Anden in Chile und Argentinien und einem kürzlichen Familienurlaub in Kanada - geführt hat, sondern auch [&hellip;]</p>
