{"id":18040,"date":"2023-03-26T23:18:08","date_gmt":"2023-03-27T02:18:08","guid":{"rendered":"https:\/\/v2.huellandina.com\/staff\/matthias-andres-potthoff-pugin\/"},"modified":"2024-06-15T03:08:45","modified_gmt":"2024-06-15T07:08:45","slug":"matthias-andres-potthoff-pugin","status":"publish","type":"staff","link":"https:\/\/huellandina.com\/de\/staff\/matthias-andres-potthoff-pugin\/","title":{"rendered":"Matias Andres Potthoff Pugin"},"content":{"rendered":"\n<p>Mat\u00edas schloss sein Studium der Tourismusdienstleistungen mit einer Erw\u00e4hnung im Bereich Abenteuertourismus ab. Er wuchs als Athlet im chilenischen Bergsteigerverband (FEACH) und seinem Bergclub in Osorno, \"Amun Newen\", auf und erkundete und kletterte ausgiebig in der Region Los Lagos. Er hat Kurse in Orientierungslauf, Bergsteigen und Klettern beim chilenischen Bergsteigerverband, an der spanischen Hochgebirgsschule (Routen von mehr als vier \u2013 EEAM 2008), Kurs \"Rettungsschwimmer f\u00fcr Wanderer\" (CSE\/WFR Ecomed 2009 \/ WAFA ECSI 2012) und 2012 Kurs \"Techniken der vertikalen Arbeit\" bei Vertisub aus Spanien besucht. Mat\u00edas ist auch <a href=\"https:\/\/registro.sernatur.cl\/registroempresarios\/fichaservicio?sid=5116&amp;sign=878a0658e652765c4979dba411787e43\" target=\"_blank\" rel=\"noreferrer noopener\">ein spezialisierter Reiseleiter, der unter der Nummer <u>9772 von 2013<\/u> beim Nationalen Tourismusdienst registriert ist<\/a> und <a href=\"https:\/\/angm.cl\/guias\/potthoff-pugin-matias-andres\/\" target=\"_blank\" rel=\"noreferrer noopener\">Mitglied des Nationalen Bergf\u00fchrerverbandes<\/a> ( <a href=\"https:\/\/www.angm.cl\/guias-asociados\/\"><u>www.angm.cl<\/u><\/a>) ist.<\/p>\n\n<p>Er begann im Alter von 13 Jahren mit dem Bergsteigen in den Anden im S\u00fcden Chiles. Zu seinen Besteigungen auf dem europ\u00e4ischen Kontinent und in den Anden geh\u00f6ren der Zmutt-Grat am Matterhorn, der Mont Blanc, der Versuch zur Via de los Suizos im Grand Capucin, zur S\u00fcdwand der Marmolada und die Er\u00f6ffnung des chilenischen Weges zum Monte Tronador sowie die Besteigung des Vulkans San Jos\u00e9.  Casa Blanca, Puyehue, Calbuco, Osorno, Mocho \u2013 Choshuenco, der Vulkan Puntiagudo und die erste absolute Besteigung des Cerro Isi im Cord\u00f3n de los Cenizos in S\u00fcdchile (2007). Er erkundete auch die T\u00e4ler von Ishinca und Alpamayo\/Quitaraju in Peru und bestieg unter anderem den Tocallarju (6.032 m).<\/p>\n\n<p>Er verf\u00fcgt \u00fcber umfangreiche Erfahrung in der Region Los Lagos und hat auch als Reiseleiter und Fahrer in Puerto Natales und auf den Trekkingstrecken von Las Torres del Paine gearbeitet.<\/p>\n","protected":false},"excerpt":{"rendered":"<p>Vater von Isidora, Catalina &amp; Mia. Freiwilliger der 4. Feuerwehrkompanie von Osorno.<\/p>\n","protected":false},"featured_media":16814,"template":"","posicion":[176],"class_list":["post-18040","staff","type-staff","status-publish","has-post-thumbnail","hentry","posicion-vorderreihe"],"acf":[],"_links":{"self":[{"href":"https:\/\/huellandina.com\/de\/wp-json\/wp\/v2\/staff\/18040","targetHints":{"allow":["GET"]}}],"collection":[{"href":"https:\/\/huellandina.com\/de\/wp-json\/wp\/v2\/staff"}],"about":[{"href":"https:\/\/huellandina.com\/de\/wp-json\/wp\/v2\/types\/staff"}],"wp:featuredmedia":[{"embeddable":true,"href":"https:\/\/huellandina.com\/de\/wp-json\/wp\/v2\/media\/16814"}],"wp:attachment":[{"href":"https:\/\/huellandina.com\/de\/wp-json\/wp\/v2\/media?parent=18040"}],"wp:term":[{"taxonomy":"posicion","embeddable":true,"href":"https:\/\/huellandina.com\/de\/wp-json\/wp\/v2\/posicion?post=18040"}],"curies":[{"name":"wp","href":"https:\/\/api.w.org\/{rel}","templated":true}]}}

<p>Matías schloss sein Studium der Tourismusdienstleistungen mit einer Erwähnung im Bereich Abenteuertourismus ab. Er wuchs als Athlet im chilenischen Bergsteigerverband (FEACH) und seinem Bergclub in Osorno, "Amun Newen", auf und erkundete und kletterte ausgiebig in der Region Los Lagos. Er hat Kurse in Orientierungslauf, Bergsteigen und Klettern beim chilenischen Bergsteigerverband, an der spanischen Hochgebirgsschule (Routen von mehr als vier – EEAM 2008), Kurs "Rettungsschwimmer für Wanderer" (CSE/WFR Ecomed 2009 / WAFA ECSI 2012) und 2012 Kurs "Techniken der vertikalen Arbeit" bei Vertisub aus Spanien besucht. Matías ist auch <a href="https://registro.sernatur.cl/registroempresarios/fichaservicio?sid=5116&amp;sign=878a0658e652765c4979dba411787e43" target="_blank" rel="noreferrer noopener">ein spezialisierter Reiseleiter, der unter der Nummer <u>9772 von 2013</u> beim Nationalen Tourismusdienst registriert ist</a> und <a href="https://angm.cl/guias/potthoff-pugin-matias-andres/" target="_blank" rel="noreferrer noopener">Mitglied des Nationalen Bergführerverbandes</a> ( <a href="https://www.angm.cl/guias-asociados/"><u>www.angm.cl</u></a>) ist.</p>

<p>Er begann im Alter von 13 Jahren mit dem Bergsteigen in den Anden im Süden Chiles. Zu seinen Besteigungen auf dem europäischen Kontinent und in den Anden gehören der Zmutt-Grat am Matterhorn, der Mont Blanc, der Versuch zur Via de los Suizos im Grand Capucin, zur Südwand der Marmolada und die Eröffnung des chilenischen Weges zum Monte Tronador sowie die Besteigung des Vulkans San José.  Casa Blanca, Puyehue, Calbuco, Osorno, Mocho – Choshuenco, der Vulkan Puntiagudo und die erste absolute Besteigung des Cerro Isi im Cordón de los Cenizos in Südchile (2007). Er erkundete auch die Täler von Ishinca und Alpamayo/Quitaraju in Peru und bestieg unter anderem den Tocallarju (6.032 m).</p>

<p>Er verfügt über umfangreiche Erfahrung in der Region Los Lagos und hat auch als Reiseleiter und Fahrer in Puerto Natales und auf den Trekkingstrecken von Las Torres del Paine gearbeitet.</p>
